r be i/(-2) + (-5)/(-2). List the prime factors of (-1*r - -14) + -2.
2, 5
Let j be (8/6)/(2/12). Let s = -4 + j. Suppose -s*b + 24 = -0*b. What are the prime factors of b?
2, 3
Let y be 4/1*(-20)/8. Let t = -6 - y. Let h = t - 2. List the prime factors of h.
2
Let c be (-1)/2 - 31/(-2). Suppose -4*x = c - 35. What are the prime factors of x?
5
Let h = 25 - 28. What are the prime factors of -4 + h/3*-31?
3
Let g(y) = -3 - 2 + 22*y + 4 + 2. What are the prime factors of g(1)?
23
Let g(i) = i**2 - 2*i - 6. Let j be g(-5). Let h = -19 + j. List the prime factors of 86/h - 2/(-5).
3
Let u(f) = -f**3 + 13*f**2 - 9*f - 13. What are the prime factors of u(12)?
23
Let v(p) = p - 5. Let s be v(3). Let l = 23 - s. What are the prime factors of l?
5
Let d = -10 - -28. What are the prime factors of -2 - (-1 - 2 - d)?
19
Let v be 12/28 + 402/42. Let a = 92 - 42. What are the prime factors of 8/v*a/4?
2, 5
Let a(b) = -b**3 - 2*b**2 + 3*b - 2. Suppose 0 = -2*r - 3*r - 20. List the prime factors of a(r).
2, 3
Suppose -o = -0*o - 3. Let x(d) = -d - 2*d + o*d - 2*d - 5. List the prime factors of x(-9).
13
Let b = -38 + 237. List the prime factors of b.
199
Let q = -126 - -231. List the prime factors of q.
3, 5, 7
Suppose 0*y + 20 = 4*y, -5*y = 5*p - 185. List the prime factors of p.
2
Suppose -3*r + 2*m + 55 = 6*m, -2*r - 4*m + 34 = 0. Let q = r - -32. Suppose 5*h + 8 = u, -4*h = 5*u + 13 - q. List the prime factors of u.
2
Suppose 6 = 3*z - 9. Suppose -2*b + 66 = 4*l - 0*b, -3*l - z*b = -67. What are the prime factors of l?
2, 7
Let o = 22 - 23. List the prime factors of (21/2*-4)/o.
2, 3, 7
Let o(c) be the first derivative of c**3/3 - c**2 + 3*c + 1. Let j be o(2). Suppose 4*n = 4*k - 8, 19 = 5*k + n + j*n. List the prime factors of k.
3
Suppose 3*l - 10*l + 714 = 0. What are the prime factors of l?
2, 3, 17
Let n(i) = -i. Let z be n(-5). Suppose 0 = w - 4*g - 33, w = 3*w - z*g - 60. What are the prime factors of w?
5
Suppose -4*w + 45 - 9 = 0. List the prime factors of (1 - 0/(-2)) + w.
2, 5
Let z(j) = j**2 + j - 4. Let c be z(3). Let s(l) = 3*l. Let h be s(1). Suppose h*y = 44 - c. List the prime factors of y.
2, 3
Let l(b) = b**3 - 5*b**2 - 7*b + 6. Let s be l(6). Suppose 4*k - 38 + 2 = s. Suppose 4*m = 63 + k. What are the prime factors of m?
2, 3
Let i(c) = -c**3 + 6*c**2 + c - 2. Let h be i(6). Let v(x) = h*x - 2*x**2 + 2 + 0*x**2 + 4*x**2. List the prime factors of v(-3).
2
Suppose -5*h - 6 = -2*b, -4 + 16 = 4*h + 4*b. Let n = 5 - 3. Suppose h = -4*g + n*g + 10. What are the prime factors of g?
5
Let u = 3 - 3. Let k = 5 - 2. Suppose k*h = u, -4*q + 2*h + 32 = 3*h. What are the prime factors of q?
2
Let z = -10 + 23. Let f be 2/(2/(-9) - 0). Let r = f + z. List the prime factors of r.
2
Let t be (-1 + 0)*-6 - 2. Suppose q + t*q = 30. List the prime factors of q.
2, 3
Let s(q) = 2*q - 1 + 0*q + 2. Let g be s(1). What are the prime factors of -2 + 11 + -2 + g?
2, 5
Suppose x = 5*i - 988, 3*i + 4*x = 5*i - 388. List the prime factors of i.
2, 3, 11
Let z = 37 - -13. List the prime factors of z.
2, 5
Suppose -x + 96 = 26. Suppose 2*p = -3*p + x. What are the prime factors of p?
2, 7
Let i(l) = -l**3 - 3*l**2 + 4*l + 2. Let o be i(-4). List the prime factors of (-6)/(1*o/(-4)).
2, 3
Let a(o) = -o**3 - o**2 + 4*o + 5. What are the prime factors of a(-4)?
37
Let n(v) = v**3 + 7*v**2 + 3. Suppose -4*w + w = -4*p - 34, -4*p = -5*w + 38. What are the prime factors of n(p)?
3
Let c(o) = o + 11. Let f be (-2 - -2)/1 + 0. Suppose f = 5*s - s. What are the prime factors of c(s)?
11
Let z(q) = -62*q**3 - q**2 - 6*q - 5. List the prime factors of z(-1).
2, 31
Suppose -36*m + 16*m = -3340. What are the prime factors of m?
167
Suppose -5*i - 56 = -4*f, -4*f + 32 = 5*i - 4*i. Let c be (4 - 1)*12/f. Suppose -c*t = -0*t - 44. List the prime factors of t.
11
Let d(t) = t**3 + 4*t**2 - 5*t + 1. Let j be d(-5). Let f be 6 + j - (3 - 1). Suppose 23 = f*h - 32. List the prime factors of h.
11
Suppose 0*u + 5*u = -10. Let x be 2/4 + (-5)/u. Suppose x*d = -2*d + 50. What are the prime factors of d?
2, 5
Let n = 15 + 8. Suppose n = 4*t + 5*b - 12, -3*t = -b - 12. Suppose 17 = s - t*p, 5*s = s - 3*p - 1. List the prime factors of s.
2
Let s be 42/(-5)*(-105)/14. Suppose -2*n - 26 = 5*i - s, 0 = -n + 3*i + 35. What are the prime factors of n?
2, 13
Let g(y) = -7*y. Let d be 27/(-45)*5/1. List the prime factors of g(d).
3, 7
Suppose 6*z - 72 = 3*z. Let a be z/(-9) - 1/3. Let v(t) = t**3 + 4*t**2 + t + 3. List the prime factors of v(a).
3
Suppose -22*k = -21*k - 84. What are the prime factors of k?
2, 3, 7
Suppose 4*d + 4 = 0, 0 = -5*u + d - 2*d + 154. List the prime factors of u.
31
Let y be (1 + -2)*(-3 + 2). Let c = y - -5. Suppose 5*g = 44 + c. List the prime factors of g.
2, 5
Let x be ((-2)/(-4))/((-5)/(-10)). Let h = 3 - x. What are the prime factors of h?
2
Suppose -4*w + 195 = 5*d, -2*d = -6*d + 4*w + 156. List the prime factors of d.
3, 13
Suppose -4*w + g = -46, -4*g = 2*w - 0*w - 14. Suppose w = q - 0*q. List the prime factors of q.
11
Suppose 4*a - 6 = -2*r, -5*a + 4*a = -5*r - 7. Let q be 40/(-15)*(-16 - r). Suppose -4*b = -q - 8. List the prime factors of b.
2, 3
What are the prime factors of (0 - 1)*2 + 22?
2, 5
Suppose 0 = o - 5, 45 = -2*c + 3*c + 2*o. What are the prime factors of c?
5, 7
Let o = -18 + 11. Let q(g) = -2*g**3 - 14*g**2 - 2*g + 16. Let d(u) = -u**3 - 7*u**2 - u + 8. Let h(y) = 7*d(y) - 3*q(y). What are the prime factors of h(o)?
3, 5
Let q = -112 + 274. List the prime factors of q.
2, 3
Let i(m) = 10*m**3 - m**2 + m - 1. Let z be i(1). Suppose 3*r - 2*r = z. What are the prime factors of r?
3
Let b = -18 - -34. Let u = b + -4. What are the prime factors of u?
2, 3
Suppose -240 = 14*x - 3572. What are the prime factors of x?
2, 7, 17
Suppose -5*a + 2*n = 3*n - 22, -3*a = 3*n - 18. Let l = 2 + a. List the prime factors of l.
2, 3
Suppose 6*k - k - f = 238, -5*k - f = -232. List the prime factors of k.
47
Suppose -6*w = -w - 15. Suppose w*o - 2*o - 11 = 0. Suppose -o = -3*c + 25. List the prime factors of c.
2, 3
Let y = 105 - 88. List the prime factors of y.
17
Let w(r) = -r**2 - 11*r - 8. Suppose -3*j - 6 = -2*j. What are the prime factors of w(j)?
2, 11
Suppose 4*v = 4*u - 520, -84 + 636 = 4*u + 4*v. What are the prime factors of u?
2, 67
Suppose -2*n = -4*l + l - 17, 3*n + 4*l = 0. Suppose 3*c - 16 = n*q + 37, -54 = -2*c - 2*q. List the prime factors of c.
23
Let q(h) = h**2 + 2*h + 1. Suppose -2*x - 9 = x. What are the prime factors of q(x)?
2
Let n be 3/(-3) + 2 + 1. Suppose n*u - 5*u = -57. What are the prime factors of u?
19
What are the prime factors of ((-4)/(-3))/(6/9)?
2
Suppose 0 = 2*u + i - 10, -5*u + 22 = -2*u + 5*i. Let x(a) = -a**2 - 1 + u*a - 3*a + 3*a**2. What are the prime factors of x(-2)?
5
Let y be ((-1)/2)/((-1)/(-8)). What are the prime factors of 17 + (0 - (y - -3))?
2, 3
Let k(t) = -t**3 - t**2 + t + 1. Let b be k(-2). Suppose -b*l + l = -20. What are the prime factors of l?
2, 5
Let x(a) = -2*a - 1. Let s be x(3). Let c = 9 + s. List the prime factors of 156/11 + c/(-11).
2, 7
Let q(o) = o**3 + 3*o**2 + 3*o + 2. Let r be q(-2). Let j(a) = a**2 - a + 11. List the prime factors of j(r).
11
Suppose -w + 0*w + 12 = 3*f, 0 = -2*w - f + 9. List the prime factors of 15/10*(11 + w).
3, 7
Let n = 3 + -1. Suppose -4*g + 12 = 3*d, -n*g = d - 0*g - 6. Suppose d = -a - 2*a + 36. What are the prime factors of a?
2, 3
Let f = -3 - -7. Let y be ((-3)/f)/((-1)/(-8)). Let w = -4 - y. What are the prime factors of w?
2
Let b(g) = 31*g**3 - g. Suppose 5*t = -3*a - 0*a + 2, 4*t + 3*a - 1 = 0. Let s be b(t). Suppose -s - 6 = -4*i. What are the prime factors of i?
3
Let a(u) = 2 - u**3 + 0*u**3 + 4*u**3 + 2*u**2. Let v(s) = 5*s**3 + 4*s**2 - s + 4. Let h(w) = 7*a(w) - 4*v(w). What are the prime factors of h(2)?
2, 3
Let a(p) = -p**2 + 6*p - 3. Let h be a(4). Let b(g) = -g**3 + 7*g**2 - 8*g + 3. List the prime factors of b(h).
13
Let x(z) = 3*z**2 + 3*z - 7. List the prime factors of x(-5).
53
Let a(x) = 0*x**3 - 2 - x - 7*x**2 + x**3 + 4*x. Let w be a(6). Let n = 34 + w. What are the prime factors of n?
2, 7
Let k = 15 - 7. What are the prime factors of 145/20 - 2/k?
7
Let d = 38 - -16. Let j = -8 + d. List the prime factors of j.
2, 23
Let t(u)